?
142221
In base 7, what is 2444626234 - -5?
2444626242
In base 11, what is -2 - 4439a71?
-4439a73
In base 16, what is -1 + -52fe67?
-52fe68
In base 4, what is -210230120 - 1002?
-210231122
In base 12, what is -5 - -536a778?
536a773
In base 8, what is -1734652 - -21?
-1734631
In base 10, what is -34477591 + 1?
-34477590
In base 9, what is -16 + 1105034?
1105017
In base 12, what is -3 + 3b421aa?
3b421a7
In base 6, what is 1310 - -54014?
55324
In base 10, what is 0 + 51855097?
51855097
In base 9, what is -2200 + -462817?
-465117
In base 13, what is 1c3bbc906 + 0?
1c3bbc906
In base 11, what is 8 - -107a696?
107a6a3
In base 12, what is -699a19b - -5?
-699a196
In base 3, what is -212121120102202 + -10?
-212121120102212
In base 11, what is 501 + 21867?
22268
In base 11, what is 2 - -127319a?
12731a1
In base 16, what is -119 - -11e672?
11e559
In base 16, what is -d + 5b70c?
5b6ff
In base 10, what is -33 - -759992?
759959
In base 7, what is 3456055 + 440?
3456525
In base 12, what is -16b39 + 8063?
-aa96
In base 6, what is -2140241 + 3411?
-2132430
In base 11, what is 8666025 + 6a?
8666094
In base 4, what is 322202123 - -113?
322202302
In base 14, what is -37 + -411397?
-4113d0
In base 13, what is 298a - -396?
3053
In base 15, what is -64 - -4506?
4492
In base 4, what is 301100310 - 111?
301100133
In base 13, what is -312 - -27602?
272c0
In base 5, what is 20001400004 - 214?
20001344240
In base 14, what is 2cab87 + 1?
2cab88
In base 11, what is 3 - 2766306?
-2766303
In base 3, what is 10222212 - -1111202?
12111121
In base 14, what is -1 + 270879?
270878
In base 8, what is 13241 - 320?
12721
In base 12, what is -10641 + 672?
-bb8b
In base 13, what is 7c + 5c30?
5cac
In base 4, what is -31030103100 - -232?
-31030102202
In base 6, what is 2250 - -1003044?
1005334
In base 2, what is 101001101011110010011111 - -100?
101001101011110010100011
In base 8, what is 6 - -266623727?
266623735
In base 12, what is -3276027 - -2?
-3276025
In base 10, what is 681396 + -1873?
679523
In base 3, what is -10011121 - 111021?
-10122212
In base 10, what is -46 - 24494314?
-24494360
In base 15, what is 377 - -15c46?
160bd
In base 10, what is 29 + 12597484?
12597513
In base 4, what is -11032102131 - 20?
-11032102211
In base 9, what is 251 - -2283740?
2284101
In base 8, what is -10 - 12143676?
-12143706
In base 4, what is 1030103 + -32032?
332011
In base 13, what is -259c5 + -18?
-25a10
In base 7, what is 14453066 + 40?
14453136
In base 8, what is 2323051 - -322?
2323373
In base 14, what is 3a645 + -b7?
3a56c
In base 4, what is 10 + -1230010?
-1230000
In base 13, what is -166bb7 - -48?
-166b6c
In base 11, what is 3 - 1982327?
-1982324
In base 6, what is 11 - -311455051?
311455102
In base 15, what is 6906c - 330?
68c3c
In base 13, what is -4665ca + a?
-4665c0
In base 6, what is -5555 + -1535543?
-1545542
In base 12, what is -56b7702 - -10?
-56b76b2
In base 8, what is -31113611 + -170?
-31114001
In base 5, what is 1004332013 + 10?
1004332023
In base 2, what is -1010100001 + 10111100111010010?
10111011100110001
In base 2, what is -1010 + -1100001101000101000?
-1100001101000110010
In base 2, what is -1000110111100 - 1000111010000?
-10001110001100
In base 8, what is 51 + 1565100?
1565151
In base 6, what is 3 + 351015321?
351015324
In base 15, what is c31596a + -4?
c315966
In base 13, what is 2 + 1b7a474?
1b7a476
In base 9, what is 66085560 + -10?
66085550
In base 12, what is -197b6 - -4aa?
-19308
In base 16, what is -31 + -22b13?
-22b44
In base 16, what is -b09c449 + 2?
-b09c447
In base 9, what is 4 - 23620037?
-23620033
In base 6, what is 3 - -14105512?
14105515
In base 11, what is 582 + -8356?
-7884
In base 11, what is -13 - 254a6486?
-254a6499
In base 7, what is 5 - 16023102?
-16023064
In base 8, what is 242252 - 7602?
232450
In base 14, what is 2 + 48305a6?
48305a8
In base 8, what is 11 - -22051303?
22051314
In base 2, what is -101101001111011000101 + -101?
-101101001111011001010
In base 12, what is -106b3 + -27?
-1071a
In base 2, what is 101000111110100011 - 1000000?
101000111101100011
In base 16, what is 30b + -ed5?
-bca
In base 14, what is 2879 + 7316?
9b91
In base 10, what is 35616 - 84?
35532
In base 13, what is -5ccb512 + 7?
-5ccb508
In base 5, what is 3220101 + -14311?
3200240
In base 2, what is 1001111100011 - 1010010111101?
-11011010
In base 14, what is 2500 + 19a8?
40a8
In base 4, what is 100021 - 1212320123?
-1212220102
In base 6, what is -2102515212 + -5?
-2102515221
In base 16, what is -6858db - 64?
-68593f
In base 6, what is 44204 - 1505?
42255
In base 15, what is 2c - -1ab6a8?
1ab6d5
In base 6, what is -21322 + -151224?
-212550
In base 3, what is -10 + -112210001012221?
-112210001020001
In base 15, what is -80765 - 8d8?
-8114d
In base 10, what is 5 + -6348369?
-6348364
In base 9, what is -2 + -27888850?
-27888852
In base 11, what is -81607a1 - -14?
-8160788
In base 5, what is -2130 - -211144?
204014
In base 5, what is 1414 - -1234014?
1240433
In base 4, what is 12100111 - 2010?
12032101
In base 2, what is -101001111011001100100 - 1110111110?
-101001111101000100010
In base 9, what is 172335 - 152?
172173
In base 12, what is 57a21b - 0?
57a21b
In base 16, what is -309c + -1e?
-30ba
In base 13, what is 5b - -356a7?
35735
In base 2, what is -100100111110101 - -10101001001?
-100010010101100
In base 8, what is -141334755 - 3?
-141334760
In base 6, what is 205145 - 302?
204443
In base 6, what is 232241352 - -41?
232241433
In base 16, what is d44 + -c04?
140
In base 16, what is -eba + -4d0e?
-5bc8
In base 10, what is -63 - 2063421?
-2063484
In base 13, what is -5c004460 - 5?
-5c004465
In base 5, what is 31140421 + 321?
31141242
In base 5, what is -1234 + -12023034?
-12024323
In base 15, what is 92 + 8524?
85b6
In base 9, what is -2281 + 444547?
442256
In base 9, what is -42541 - -10564?
-31866
In base 15, what is 67b2a + 26?
67b51
In base 8, what is -40 - 372267?
-372327
In base 5, what is -14433043 + -130?
-14433223
In base 8, what is 1724113 + -32?
1724061
In base 6, what is 4 + 543540512?
543540520
In base 14, what is b9 - -3ddc?
40b7
In base 4, what is 2313321 + 203022?
3123003
In base 5, what is -3 + -334311241?
-334311244
In base 10, what is -23298 + 47?
-23251
In base 10, what is -943952 + 7?
-943945
In base 11, what is -30 + 1612854?
1612824
In base 5, what is -132234 - -2120230?
1432441
In base 12, what is 4a + -259971?
-259923
In base 6, what is 25524441252 + 11?
25524441303
In base 11, what is 5 - -428405?
42840a
In base 11, what is -416 + 201250?
200935
In base 2, what is -11011000011110011100101 - 0?
-11011000011110011100101
In base 9, what is -24176 - -1324?
-22752
In base 11, what is a21a - 2356?
7974
In base 11, what is 5833 + 3764?
9497
In base 11, what is -148a95 + -a7?
-149091
In base 5, what is -14 + -23344423?
-23344442
In base 9, what is -7443 - -6252?
-1181
In base 13, what is -2a8a - -23ac?
-6ab
In base 6, what is 120 + 155432440?
155433000
In base 4, what is 2 + -22231321303?
-22231321301
In base 4, what is -13333 + 121013211?
120333212
In base 7, what is 53 - -11640644?
11641030
In base 4, what is -130303312 + -2022?
-130312000
In base 9, what is -6861 + -88448?
-106420
In base 12, what is -34b4347 - -4?
-34b4343
In base 15, what is 95 + -2d3b91?
-2d3aeb
In base 14, what is -56157a1 - 5?
-56157a6
In base 16, what is 4f2d + -1b?
4f12
In base 7, what is 16510 - 436444?
-416634
In base 15, what is 3189 + -95?
30e4
In base 2, what is -11 - 111110010010111000000010?
-111110010010111000000101
In base 16, what is 4 - 675b9c?
-675b98
In base 6, what is -1 + 1434343425?
1434343424
In base 4, what is -103303 - 103123101?
-103233010
In base 7, what is 1045243 - 5263?
1036650
In base 6, what is -20 - -1302323032?
1302323012
In base 8, what is -2 - 270244?
-270246
In base 5, what is 321 + 314433121?
314433442
In base 13, what is 31803 + -2b3?
31520
In base 9, what is -267 + -42521?
-42788
In base 4, what is 232210123 + 1311?
232212100
In base 5, what is -13 + -44301400?
-44301413
In base 9, what is 1 + 70070658?
70070660
In base 2, what is -110010010000001100100 + 10111111?
-110010001111110100101
In base 6, what is 335022 + -10534?
324044
In base 16, what is -a4 - -e6ef?
e64b
In base 3, what is -120210 + -101012102120?
-101020000100
In base 8, what is -11